c) = c**3 + 5*c**2 - 42*c - 26. Let v be i(-9). Let q = 25 + -11. Calculate the highest common divisor of q and v.
14
Suppose 0 = -3*j - j + 12. Let y(h) = -h**3 - 3*h**2 - 3*h - 1. Let c be y(-2). Calculate the highest common divisor of c and j.
1
Let g be (-1)/((-36)/(-2760)*(-10)/24). What is the highest common factor of 12 and g?
4
Let h(n) = 154*n + 8. Let l be h(4). Calculate the greatest common factor of 48 and l.
48
Suppose -4*g + 3*i + 155 = 0, -i = 5*g - 111 - 97. Calculate the greatest common factor of g and 246.
41
Suppose -3*q = d + 13, -2*q - 3 = d + 6. Let z be (34/8)/(d/4). Let p = -16 - z. Calculate the greatest common divisor of 7 and p.
1
Let a(n) = 14*n - 274. Let q be a(21). Let o = 20 + 40. Calculate the greatest common factor of o and q.
20
Let s(p) = 2*p**3 - 37*p**2 - 18*p + 37. Let y be s(19). Calculate the highest common divisor of y and 392.
56
Let l(r) = r**3 + 10*r**2 - 18*r - 87. Let h be l(-10). What is the highest common factor of h and 62?
31
Let i = 4 - 0. Suppose 5*f - 78 = 3*a, -i*a + 2*f = -f + 93. Let t be 9/((a/6)/(-7)). Calculate the greatest common divisor of t and 126.
18
Suppose -3*k = -2*k - 22. Let l = -6 - -24. Suppose 0 = -3*q + 3*i + 42, -2*q + 52 = -4*i + l. What is the greatest common factor of q and k?
11
Let i = -32 + 39. Suppose 12*y = i*y + 75. Calculate the highest common factor of 10 and y.
5
Let j(f) = -4 + 3 + 21*f + 5 + 2. Let m be j(2). Let v be (2/4)/(2/24). What is the greatest common divisor of m and v?
6
Let a = -972 - -1057. Let t(z) = -33*z + 1. Let d be t(-1). What is the greatest common factor of a and d?
17
Suppose -7 + 9 = -2*r, -2*r = -5*c - 13. Let o(l) = l**2 - 2*l. Let k be o(c). Let y be (-16)/(-6)*(-729)/(-324). What is the highest common factor of y and k?
3
Let b be 3*(0 + 116/(-6)). Let n be ((-15)/30)/((-1)/(-38)). Let u = n - b. What is the greatest common factor of 13 and u?
13
Let n(d) = d**2 - 9. Let t be n(-2). Let u(r) = r**2 - 4*r. Let v be u(t). What is the highest common divisor of 45 and v?
45
Let y(o) = 11*o - 2 - 4 - 5 + 4. Let m be y(5). What is the highest common divisor of 32 and m?
16
Let s(l) = -3*l - l**2 + 3*l**2 - l**2. Let m be s(4). Suppose 5*g - 2*f + m = 26, 0 = -2*g - f + 16. Calculate the greatest common factor of 30 and g.
6
Let p(i) = 11*i + 292. Let a be p(-3). What is the greatest common factor of a and 74?
37
Suppose -4*r + 41 = -23. Let z be 24/r*8/3. Suppose -5*h + 100 = 3*l, -l - 40 = -4*h + 2*h. What is the highest common divisor of h and z?
4
Let l be (1020/9)/(1 + 55/(-60)). Calculate the greatest common factor of 80 and l.
80
Let b = 5 + -3. Suppose 130 = 4*t - k - 52, -2*t + b*k = -94. Suppose 5*y - 60 = -15. Calculate the greatest common divisor of y and t.
9
Let j = 142 + -139. Calculate the greatest common divisor of 3 and j.
3
Let z(d) = 8 - 24 - 3*d + 8. Let q be z(-7). Calculate the greatest common divisor of q and 143.
13
Suppose 2*v = 6*v - 64. Calculate the highest common divisor of v and 136.
8
Suppose o - 12 = -9*g + 12*g, -5*g + 13 = 2*o. Calculate the greatest common factor of 1089 and o.
9
Suppose -u - 5*l + 6 = 0, -2*u + 3*l + 6 = -u. Suppose -3 = u*f - 33. Suppose -f*m = -63 + 8. Calculate the highest common divisor of 22 and m.
11
Let x = 4 - -1. Suppose -8*c - 84 = -12*c. Let i = 22 - c. Calculate the greatest common factor of x and i.
1
Suppose 0 = -3*u - 5*b + 183, 2*u - 2*b - 118 = -4*b. What is the greatest common factor of 8 and u?
8
Suppose d = -2*k + 1488, 2*d - 11*k + 13*k = 2978. What is the greatest common factor of 10 and d?
10
Suppose -27 = -6*k - 3. Suppose -5*h + 0*w - 3*w = -6, w = -3*h + 2. Suppose n = 5*z, h*z + z = k. Calculate the greatest common divisor of n and 4.
4
Let f = -116 + 22. Let k = -77 - f. Calculate the greatest common divisor of k and 17.
17
Let g(d) = 2*d**2 - 47*d + 114. Let l be g(21). What is the greatest common factor of l and 63?
9
Let d(n) = 2*n**3 - 6*n**2 - 2*n + 12. Let f be d(4). What is the greatest common divisor of 108 and f?
36
Let l be ((-192)/(-112))/((-1)/(-84)). What is the highest common factor of l and 2?
2
Let x(i) = 3*i**2 + 48*i + 217. Let l be x(-5). Calculate the highest common factor of 44 and l.
4
Suppose -3*s - 13 = -4*v, -3*v = 5*s - 24 + 7. Let u be (s/(-3))/(9/(-540)). What is the highest common divisor of 20 and u?
20
Let q = 255 - 231. Calculate the highest common factor of 88 and q.
8
Let l be 6/(-4)*4040/(-60). What is the greatest common divisor of 1313 and l?
101
Suppose 36*r - 560 = 22*r. Calculate the highest common factor of r and 5.
5
Suppose 0 = 3*p - h + 91, -p - 147 = 4*p - 4*h. Let a = 11 - p. Let c = -5130 + 5144. Calculate the greatest common factor of a and c.
14
Let w = -175 - -340. What is the highest common divisor of w and 110?
55
Suppose 0 = -s + c + 3*c - 8, 4*s - 22 = -2*c. Suppose 0 = 5*o - s*o - 3. Let n be 20/24*o*2. What is the highest common divisor of 1 and n?
1
Let u(f) = f**3 - 6*f**2 + 9*f + 2. Let k be u(4). Calculate the greatest common factor of k and 81.
3
Let t be (((-68)/(-8))/(-17))/(2/(-72)). What is the greatest common divisor of 9 and t?
9
Let o be 8/6 - 2/(-3). Let s be ((-3)/(-6)*0)/2. Suppose 2*v + 6 = s, -2*l - o*v = 2*l - 74. What is the greatest common factor of l and 30?
10
Suppose 0 = -2*l - 80 + 106. What is the highest common factor of l and 39?
13
Suppose -3*i = 5*r - 167 - 272, 5*i - 680 = 2*r. Calculate the greatest common factor of i and 46.
46
Let i be ((-2790)/(-9))/5 - 8. Let t = 30 - -6. What is the greatest common divisor of t and i?
18
Suppose -10 = -5*b, -4*n - b = -0*n - 210. Calculate the greatest common factor of n and 104.
52
Let x be ((-36)/(-15))/((-6)/150). Let s = 120 + x. Suppose 0*q - 4*q + s = 0. What is the highest common factor of 165 and q?
15
Suppose -b + 8 = 4*o, 3*o = -33*b + 29*b + 71. Calculate the greatest common factor of 8 and b.
4
Let u(z) be the third derivative of z**5/60 + 11*z**4/24 - 2*z**3/3 - 4*z**2. Let i be u(-13). What is the greatest common divisor of 198 and i?
22
Let v(d) = d**2 - 5. Let p be v(4). Let x = -6 + p. Suppose -4*l = -0*l - 140. Calculate the greatest common factor of x and l.
5
Let w(c) = -c**2 - 5*c + 7. Suppose 3*h + 0*r = -4*r + 5, h + 2*r - 5 = 0. Let y be w(h). Let x = 122 - 59. What is the greatest common divisor of x and y?
7
Suppose -35 = 2*j - 9*j. Let r(u) = u**2 - 2*u. Let x be r(-2). Suppose j*q - q = x. Calculate the highest common divisor of 6 and q.
2
Suppose -d - 1 = 0, w + 958 = 6*w + 2*d. Suppose 0*b - 4*b + 4*a = -w, -176 = -4*b - 4*a. What is the greatest common factor of 23 and b?
23
Let i = -1511 - -1682. Calculate the highest common divisor of 114 and i.
57
Let z = 47 + -37. Let v(h) = -h**2 + 13*h - 12. Let m be v(z). Calculate the highest common factor of 2 and m.
2
Suppose -2*u - 4*c + 36 = 0, -2*u + 12 = -0*c - 2*c. Suppose -5*s - 5 = 0, 3*b - 8 = -s + 3. Let t = b - -6. What is the greatest common factor of u and t?
10
Let z(f) = -8*f - 22. Let c be z(-3). Suppose -3*a = -c*d + a + 70, a = -d + 50. Calculate the highest common factor of 30 and d.
15
Let l = -53 + 73. Let a be 2/10 - (-796)/l. Calculate the greatest common divisor of 4 and a.
4
Let i = -148 - -76. Let r = 142 + i. What is the greatest common divisor of 28 and r?
14
Let d be 8/(-60) - (1576/30)/(-4). Suppose -5*h + 8 = -7, -h = -2*q + 179. What is the greatest common factor of d and q?
13
Let j be (-1 + (-28)/(-12))/(1/39). Calculate the greatest common divisor of 52 and j.
52
Let h = 2340 + -2260. Calculate the greatest common divisor of 260 and h.
20
Suppose -4*n - 5 + 107 = -2*b, -4*n + 87 = b. Suppose 0 = -5*o + 203 - n. What is the greatest common factor of o and 54?
18
Suppose 0 = 3*v + 34*v - 888. Calculate the greatest common factor of v and 32.
8
Suppose 0 = 3*h + 6, -5*u + 3*h + 1201 = -1155. What is the highest common divisor of 10 and u?
10
Suppose 4*q + 66 = 5*q. Suppose 4*d = -0*d + 5*g, 0 = -4*d - g. Suppose 10*n - 3*n - 308 = d. What is the greatest common factor of n and q?
22
Let r(g) = -g**3 + 13*g**2 + 58*g + 9. Let c be r(16). Calculate the highest common factor of 221 and c.
13
Let j = 0 - -5. Suppose -220 = -27*x + 23*x + h, 3*x + 4*h = 165. Calculate the greatest common divisor of j and x.
5
Suppose -487 = -7*x 